3*r + 2*u - 20. What is the remainder when 38 is divided by r?
5
What is the remainder when -3 + 34 + (-8 - -2) is divided by ((-6)/8)/((-1)/12)?
7
Let u = 309 - 211. What is the remainder when u is divided by 5?
3
Let z(x) = x**3 - 5*x**2 + 10*x + 4. What is the remainder when z(5) is divided by 14?
12
Let v = 9 + 9. Let r be 1*-2 + (-21)/(-3). Suppose 0*b - v = -2*b + 3*q, 18 = 2*b - r*q. Calculate the remainder when b is divided by 6.
3
Let f(j) = -j**3 - 24*j**2 - 28*j - 28. What is the remainder when f(-23) is divided by 26?
9
Let y = -11 + 3. Let a = y - -13. Calculate the remainder when 17 is divided by a.
2
Let w = -3 + -3. Let r be 8 + (-5)/(5/3). Let u = r - w. What is the remainder when 31 is divided by u?
9
Suppose -21 = -14*g + 13*g. Calculate the remainder when 80 is divided by g.
17
Let m(j) = 15*j**2 + 4*j - 3. Calculate the remainder when m(2) is divided by 17.
14
Suppose 0*l - l + 15 = 0. What is the remainder when 27 is divided by l?
12
Suppose -3*s = 4*o - 96, -60 - 40 = -4*o - 2*s. What is the remainder when 105 is divided by o?
24
Let i = 152 - 42. Suppose i = 3*w - 97. Suppose -q + 22 = 2*h, -5*h - q = -2*q - w. Calculate the remainder when h is divided by 5.
3
Suppose -5*d - 4*q = -145, 5*q + 23 = d - 6. What is the remainder when d is divided by 93/9 + 1/(-3)?
9
Let v = 24 - 8. Calculate the remainder when 109 is divided by v.
13
Let l(f) = 7*f**2 + 3*f + 6. Let n be l(-4). What is the remainder when (n - (-3 + 6)) + 0 is divided by 26?
25
Suppose 4*d = 3*b + 3*d + 1, 9 = b + 2*d. What is the remainder when 2 is divided by b?
0
Let a(y) = -6*y - 23. Let n = 2 - 0. Calculate the remainder when a(-5) is divided by n.
1
Let i(n) = -n - 3. Let c be i(-3). Suppose 6*r - 2*r - 32 = c. Calculate the remainder when 14 is divided by r.
6
Let y be (-1 + -1)*(1 + -2). Let q = -5 + y. Calculate the remainder when 23 is divided by -13*(-4 - q)*1.
10
Suppose d + 2 = -5*z, -24 - 88 = -4*d + 4*z. What is the remainder when 68 is divided by d?
22
Let b be -1*((1 - 0) + 0). Let l(f) = -10*f**3 + f**2 - 1. Calculate the remainder when 18 is divided by l(b).
8
Let a(i) = -9*i - 6. Let q be a(-6). Suppose -2*t + 0*t = -q. What is the remainder when t is divided by 13?
11
Suppose -5*m - 4*v + 47 = -22, -3*m - 2*v = -41. Calculate the remainder when 49 is divided by m.
10
Let i = 117 + -75. Calculate the remainder when 207 is divided by i.
39
Let p be (-476)/21 - 1/3. Let q = p - -32. Suppose -10 = -2*w + 5*x, -5*w - 3*x = -3 - 22. Calculate the remainder when q is divided by w.
4
What is the remainder when 8/(-10)*495/(-18) is divided by 16/5*(-35)/(-14)?
6
Let h(f) = 7*f**2 - 3*f + 3. Let i be (2/5)/(2/(-10)). What is the remainder when 10*(3 + 2/i) is divided by h(1)?
6
Let q be 3/(49/(-24) - -2). Let o = q - -113. Calculate the remainder when o is divided by 22.
19
Let b be (-2 - -4)*(-69)/6. Calculate the remainder when 20 is divided by b/(-2) + 2/(-4).
9
Let p be 2*(3 - 5 - -3). Let m(w) = w - 7 + 3*w - p*w + 10*w. Calculate the remainder when m(5) is divided by 14.
11
Let j(n) = n**2 - 5*n + 9. What is the remainder when 52 is divided by j(5)?
7
Suppose -4*q = -305 + 93. What is the remainder when q is divided by 14?
11
Let a(b) be the first derivative of -3*b**2/2 - 2*b - 2. What is the remainder when a(-8) is divided by 8?
6
Suppose -20 = -0*t - 5*t. Let i(g) = 2*g**2 - g + 4. What is the remainder when i(t) is divided by 52/3 + (15/9 - 2)?
15
Let y = -1 + 6. Let o(w) = -2*w - 10. Let t be o(-7). Suppose 5*g = -5*c + 10, 3*g + t*c - 1 = 4. What is the remainder when y is divided by g?
2
Let d be (-2)/3 - 33/(-9). Suppose 2*o = d*s + 21 + 11, 2*o - 22 = -2*s. Let a = 16 - -9. Calculate the remainder when a is divided by o.
12
Let p = 7 - 1. Let w be 2 - 3/(-6)*-10. What is the remainder when p is divided by 1*(-15)/w - 1?
2
What is the remainder when 24 is divided by 1/((28/60)/7)?
9
What is the remainder when (-27)/(-5) + (-21)/(-35) is divided by 4?
2
Let h be 3*-1 - -1 - -9. Let f = 29 + -12. What is the remainder when f is divided by -2 - -4 - -1*h?
8
Suppose 3*s + 5*c - 20 = 149, 3*s = 3*c + 129. Suppose 0 = 3*v + 5*x - 47 - s, x = v - 29. Calculate the remainder when 57 is divided by v.
27
Suppose -5*y + 295 = -0*y. Let f be -4 + 3 + (59 - -2). Suppose -q = -5, -4*d + 2*q + 2*q + f = 0. Calculate the remainder when y is divided by d.
19
Let n = -7 + 12. Suppose m + 5*l - 5 = 2*l, -10 = n*l. What is the remainder when 19 - (-3)/6*2 is divided by m?
9
Calculate the remainder when 2/(-1) - (-15)/((-15)/(-208)) is divided by 19.
16
Suppose -2*r = 3*r. Suppose -2*u + 18 = -3*g - r, -3*u = -5*g - 28. What is the remainder when 10 is divided by u?
4
Suppose -t = -s - 1, -3*t + 10 = -2. Suppose -h + 12 = h. Suppose -s*a - 39 = -h*a. Calculate the remainder when 37 is divided by a.
11
Calculate the remainder when 18 is divided by 126/15 + (-8)/20.
2
Let p(a) = 5*a**2 - 4*a - 7. Calculate the remainder when 40 is divided by p(-2).
19
Suppose 0*f = -3*f + 60. Calculate the remainder when f is divided by 11.
9
Let x(s) = 2*s**2 - s - 13. What is the remainder when x(6) is divided by 8?
5
Calculate the remainder when 27 is divided by 4 - (-5 + 7 + -4).
3
Suppose 2*w + 15 = -3*w, 27 = 4*m + 3*w. Calculate the remainder when m is divided by 4.
1
Suppose 5*b - 6*b = -65. Calculate the remainder when b is divided by 23.
19
Let r(u) = -4*u + 3. Calculate the remainder when r(-5) is divided by 1/5 + (-1239)/(-105).
11
Let m be -1 - 3/((-6)/38). Calculate the remainder when 46 is divided by 292/m - 4/18.
14
Let l(n) be the second derivative of 5*n**4/6 + n**3/6 + n. What is the remainder when 41 is divided by l(1)?
8
Let o = -11 + 20. Suppose -o - 21 = -5*i. Suppose -4*m + 5*n = -39, n + 75 = 3*m + 2*m. Calculate the remainder when m is divided by i.
4
Suppose 0 = -3*d + 26 + 34. Let s = -26 - -66. Calculate the remainder when s is divided by (-14)/(d/(-12) + 1).
19
Let i = -4 - -9. Suppose 3*m - 25 = -i*v, 20 = 4*v + m + 4*m. Calculate the remainder when v is divided by 3.
2
Suppose y + 4*u - 1 = 1, 5*y + 11 = u. Let g = -34 + 48. Let o = g + y. What is the remainder when o is divided by 7?
5
Let b(u) = -u**3 + 3*u**2 + 8*u + 3. Let m be b(6). Let h = m + 34. What is the remainder when 0/(-1) - (h - 0) is divided by 8?
7
Let i(m) = 2*m**2 - 44. Calculate the remainder when i(7) is divided by 20.
14
Let k = 33 + -29. What is the remainder when 14 is divided by k?
2
Calculate the remainder when -3*1*(-376)/24 is divided by 25.
22
Let i = 9 - -4. Let o(x) = x**2 - 7*x - 11. Let b be o(10). Let r = b - i. What is the remainder when 15 is divided by r?
3
Let v(m) = m**2 + 6*m + 5. Suppose -2 - 2 = -y. Suppose -y*l + 3*l + 14 = 0. Calculate the remainder when l is divided by v(-6).
4
Suppose 0 = -2*f + f. What is the remainder when (2 - -2)*4 - f is divided by 6?
4
Let b(m) be the second derivative of 3*m**5/20 + m**4/12 + m**3/6 - m**2 + m. What is the remainder when b(2) is divided by (1/(-3))/(8/(-360))?
13
Suppose -9*x + 7*x + 68 = 0. What is the remainder when 65 is divided by x?
31
Calculate the remainder when (1 + (-74)/(-8))/(1/4) is divided by 14.
13
Suppose 2*n + 4*c - 38 = 0, 2*n - 3*c - 5 + 2 = 0. Let p be n*(-1)/(-5 - -2). Suppose 0 = -p*v + 9 + 39. Calculate the remainder when 47 is divided by v.
15
Suppose 103 = n - 0*n. What is the remainder when n is divided by 8?
7
Suppose 0 = -5*r + 2*r + 3. Calculate the remainder when 1 is divided by r.
0
Suppose -x - 2*l + 32 = 0, -5*l = 4*x - 10*l - 128. Calculate the remainder when x is divided by 11.
10
Calculate the remainder when 94 is divided by (3/(-2))/(9/(-144)).
22
Let j be -1*(-2 - -2)/1. Suppose j = 2*x + 46. Let n = x + 33. Calculate the remainder when 29 is divided by n.
9
Let u(d) = 2*d**2 - 2. Let z be (153/(-15) - 1)*-5. Let f = z + -33. Calculate the remainder when f is divided by u(2).
5
Let z(h) = 7*h + 6. Calculate the remainder when z(6) is divided by 20*-10*(-1)/8.
23
Let z = -21 - -26. What is the remainder when 8 is divided by z?
3
Let o(w) = w**3 - 5*w**2 + 6*w. Let s be o(4). Suppose -z - 7 = s. Calculate the remainder when 35 is divided by (16/10)/((-2)/z).
11
Suppose -2 = 5*k - 17. Let a(x) = -14 - 3*x + x**2 + 0*x + 0*x**2. Calculate the remainder when a(6) is di